 factor of 1121157149?
True
Does 240 divide 661532727?
False
Is 329 a factor of 25577688?
False
Is 775 a factor of 232613113?
False
Is 181 a factor of 24672653?
True
Does 510 divide 2567514420?
True
Is 13 a factor of 2254537597?
True
Is 311338428 a multiple of 2556?
False
Does 4416 divide 4106880?
True
Is 214 a factor of 941893368?
False
Does 365 divide 40416724?
False
Does 1849 divide 95681696?
False
Is 20 a factor of 1867438?
False
Is 154 a factor of 11635732?
False
Does 15 divide 2850530565?
True
Is 626841670 a multiple of 290?
True
Is 104 a factor of 3741712?
True
Is 15 a factor of 76604374?
False
Is 30 a factor of 25989317?
False
Is 2524512775 a multiple of 903?
False
Is 1072725831 a multiple of 27?
False
Is 241990576 a multiple of 818?
True
Is 187 a factor of 18638349?
False
Is 148963536 a multiple of 162?
True
Is 1154 a factor of 1149883682?
True
Is 64 a factor of 2810381632?
True
Is 6191 a factor of 353734169?
False
Does 45 divide 93721193?
False
Is 2443644 a multiple of 18?
True
Is 52 a factor of 15222168?
True
Does 24 divide 1201907736?
True
Is 577287468 a multiple of 666?
True
Does 2331 divide 973757583?
False
Is 16 a factor of 2147943892?
False
Is 11 a factor of 1142043683?
True
Is 70788871 a multiple of 929?
True
Does 2104 divide 295903?
False
Is 44334429 a multiple of 511?
False
Is 358 a factor of 123124792?
True
Is 95781278 a multiple of 13?
False
Is 2331369823 a multiple of 1051?
False
Is 3301 a factor of 2394575109?
True
Does 15 divide 130403608?
False
Is 933627750 a multiple of 2750?
True
Does 5 divide 3262635?
True
Is 25 a factor of 54628800?
True
Is 225981 a multiple of 63?
True
Is 69 a factor of 1833951246?
False
Does 38 divide 1107710602?
True
Is 97692100 a multiple of 6?
False
Is 4 a factor of 2456904?
True
Is 101 a factor of 3870522?
True
Is 233644691 a multiple of 146?
False
Is 112 a factor of 22914281?
False
Does 13 divide 259680?
False
Is 172142653 a multiple of 82?
False
Is 2287 a factor of 6863287?
True
Does 67 divide 562343770?
False
Does 11 divide 3586660?
True
Does 189 divide 28371215?
False
Does 109 divide 42439283?
False
Is 6378892 a multiple of 81?
False
Is 101176812 a multiple of 132?
True
Is 38323250 a multiple of 175?
True
Is 1129 a factor of 18362015?
False
Does 2 divide 89325265?
False
Is 38265529 a multiple of 8?
False
Is 8 a factor of 268507931?
False
Is 122428546 a multiple of 136?
False
Is 65 a factor of 77622084?
False
Is 8463945 a multiple of 35?
True
Is 8 a factor of 13573505?
False
Is 5851637 a multiple of 253?
True
Is 6 a factor of 19729246?
False
Does 2830 divide 32182760?
True
Does 80 divide 321386640?
True
Does 28 divide 3350843216?
True
Does 2260 divide 316193960?
False
Is 81217127 a multiple of 16?
False
Is 25 a factor of 5536975?
True
Is 26632044 a multiple of 83?
True
Is 832256880 a multiple of 78?
True
Is 87 a factor of 78728840?
False
Is 1748 a factor of 183025740?
False
Is 288 a factor of 305811582?
False
Does 96 divide 1420807680?
True
Does 17 divide 658802462?
True
Is 27161558 a multiple of 91?
False
Is 384 a factor of 26005196?
False
Is 2305868160 a multiple of 24?
True
Is 120081450 a multiple of 15?
True
Is 1598 a factor of 59790768?
True
Is 23293621 a multiple of 221?
True
Is 10 a factor of 14301740?
True
Does 644 divide 217963088?
True
Does 2024 divide 1897897632?
False
Is 24488535 a multiple of 5?
True
Does 341 divide 3849549?
True
Is 23 a factor of 32431058?
True
Does 1468 divide 11801557?
False
Is 120760438 a multiple of 31?
True
Is 119738919 a multiple of 57?
False
Is 20321055 a multiple of 2894?
False
Is 1058456216 a multiple of 15?
False
Is 31 a factor of 915488126?
False
Is 7013102198 a multiple of 1682?
False
Is 171 a factor of 101518761?
False
Is 14446631 a multiple of 1782?
False
Is 10361689 a multiple of 2075?
False
Is 38 a factor of 18928218?
True
Is 23 a factor of 310228140?
True
Does 44 divide 71016044?
True
Does 899 divide 442624765?
False
Does 208 divide 1761148592?
False
Is 577046458 a multiple of 72?
False
Is 10 a factor of 83195450?
True
Is 19103653 a multiple of 43?
True
Is 1433 a factor of 154786684?
False
Is 2618 a factor of 162121812?
False
Is 3115 a factor of 156675155?
True
Is 4275523 a multiple of 10?
False
Does 6146 divide 66384769?
False
Is 3617472852 a multiple of 756?
True
Does 96 divide 80623180?
False
Is 5 a factor of 1764977291?
False
Is 210 a factor of 77233170?
True
Is 8241280 a multiple of 8?
True
Is 46 a factor of 11560122?
True
Is 161 a factor of 298141410?
True
Does 3817 divide 1165853878?
False
Is 44 a factor of 7224131948?
True
Is 342794135 a multiple of 25?
False
Is 7130088 a multiple of 1048?
False
Is 14 a factor of 182004522?
True
Is 11 a factor of 7271296?
False
Does 39 divide 908552315?
False
Is 766 a factor of 649749164?
False
Does 45 divide 28271860?
False
Is 744102350 a multiple of 151?
False
Is 207364038 a multiple of 14?
True
Is 20075789 a multiple of 145?
False
Is 549111973 a multiple of 116?
False
Does 33 divide 22981629?
True
Is 429 a factor of 4483082?
False
Is 506505131 a multiple of 277?
False
Is 52661758 a multiple of 87?
False
Is 21 a factor of 1351387405?
False
Does 144 divide 19010575?
False
Does 7 divide 22479338?
True
Does 214 divide 24218594?
True
Is 1133 a factor of 5694458?
True
Does 12759 divide 592385570?
False
Is 6254760 a multiple of 60?
True
Is 3803083906 a multiple of 18?
False
Does 377 divide 437212555?
True
Is 106984609 a multiple of 72?
False
Does 136 divide 15959328?
True
Is 74 a factor of 135747134?
False
Is 3 a factor of 166409316?
True
Is 1449 a factor of 178524045?
True
Is 118133736 a multiple of 1097?
True
Is 1265 a factor of 45708770?
False
Is 17 a factor of 331410?
False
Is 57815163 a multiple of 7?
True
Is 71 a factor of 4129144688?
False
Is 48 a factor of 86295897?
False
Is 1778203910 a multiple of 119?
True
Is 7566360 a multiple of 136?
True
Is 513 a factor of 4581667125?
True
Is 5 a factor of 10886045?
True
Is 238 a factor of 111277852?
True
Does 42 divide 1663417266?
True
Is 48643310 a multiple of 314?
True
Is 14 a factor of 18276790?
True
Is 1160867572 a multiple of 1276?
False
Does 12 divide 164809095?
False
Does 10886 divide 2775607967?
False
Is 140380835 a multiple of 879?
False
Is 510977040 a multiple of 40?
True
Does 22 divide 106474791?
False
Does 266 divide 256527348?
False
Is 84635997 a multiple of 508?
False
Is 21 a factor of 786557268?
True
Is 3040 a factor of 387239753?
False
Is 50 a factor of 83381507?
False
Is 1431 a factor of 36679392?
True
Is 1757062606 a multiple of 117?
False
Is 157905005 a multiple of 45?
False
Is 405 a factor of 1231722043?
False
Is 11 a factor of 64882171?
False
Does 237 divide 276079404?
True
Is 179388377 a multiple of 388?
False
Is 124 a factor of 177324478?
False
Is 27741233 a multiple of 71?
False
Is 6112 a factor of 1376630208?
True
Is 9226690 a multiple of 110?
True
Does 3 divide 179871632?
False
Is 3577288 a multiple of 52?
True
Is 25 a factor of 5747283?
False
Is 65051043 a multiple of 1271?
False
Does 37 divide 4146756056?
True
Is 4222 a factor of 921403529?
False
Does 51 divide 16095498?
True
Is 30 a factor of 2158610328?
False
Is 67318941 a multiple of 177?
True
Is 10 a factor of 38852650?
True
Is 415182405 a multiple of 405?
False
Does 19 divide 1793273770?
True
Is 9 a factor of 1868513?
False
Is 285 a factor of 1000950210?
True
Does 363 divide 134581161?
True
Is 674205096 a multiple of 57?
False
Is 84856928 a multiple of 1207?
True
Is 195292640 a multiple of 160?
True
Does 3 divide 4838787?
True
Is 23 a factor of 499982359?
False
Is 8 a factor of 8642624?
True
Is 7 a factor of 1029273?
True
Does 147 divide 12884991?
True
Does 6018 divide 1998294954?
True
Does 489 divide 114192747?
True
Is 46525872 a multiple of 23?
True
Is 1631487525 a multiple of 15?
True
Is 17 a factor of 15925243?
True
Does 1205 divide 101765514?
False
Is 604 a factor of 293405277?
False
Is 1478 a factor of 450945190?
True
Is 1659 a factor of 5286197247?
False
Does 1826 divide 233447865?
False
Does 2212 divide 367195615?
False
Does 9 divide 22275332?
False
Is 14 a factor of 64017884?
True
Does 4 divide 225255470?
False
Is 19 a factor of 237827233?
False
Is 352844129 a multiple of 1842?
False
Does 1040 divide 81034056?
False
Is 277013245 a multiple of 3143?
False
Is 245